 7?
1b20bc
In base 2, what is 111100100101 - 10010011110?
101010000111
In base 11, what is 98792317 + 4?
98792320
In base 10, what is 5301 - 25529?
-20228
In base 13, what is 37 - -4c6521?
4c6558
In base 6, what is -2225355 + -402?
-2230201
In base 9, what is -425 - -78422?
77886
In base 11, what is 6 - 990788?
-990782
In base 10, what is -558 + -230316?
-230874
In base 13, what is 4a5145 + -3?
4a5142
In base 12, what is 25181 + 707?
25888
In base 6, what is -3515 + 314230?
310311
In base 14, what is -1933840 - -2?
-193383c
In base 12, what is 0 + -34071?
-34071
In base 14, what is -12 + -2a821?
-2a833
In base 13, what is -3528 - c0b?
-4436
In base 15, what is -568a - -20b2?
-35c8
In base 7, what is 142 + -11620055?
-11616613
In base 5, what is 4334102 - 233231?
4100321
In base 8, what is 1551576 + 444?
1552242
In base 6, what is 0 - -304540240?
304540240
In base 14, what is -2d + 193d5c?
193d2d
In base 7, what is -14261 + -1552?
-16143
In base 6, what is -50323004 + 323?
-50322241
In base 2, what is -1000010 - -1111101101000?
1111100100110
In base 7, what is -44060361 - 265?
-44060656
In base 9, what is 141513 - 65?
141437
In base 3, what is 1 - 101110002200021111?
-101110002200021110
In base 2, what is -1111001111101100001001 - 10101001?
-1111001111101110110010
In base 8, what is -46703 - 57675?
-126600
In base 16, what is -54b + 11bb?
c70
In base 8, what is -23221562 + -2?
-23221564
In base 15, what is -c3 + 2e597?
2e4c4
In base 12, what is -184 + -22bb0?
-23174
In base 13, what is -260308 - -58?
-260280
In base 7, what is -2525431 - 3504?
-2532235
In base 4, what is 312022133 - -2033?
312030232
In base 3, what is -10211102220021 + -21011?
-10211110011102
In base 16, what is 918cc7a - -5?
918cc7f
In base 5, what is 1243402320020 + -4?
1243402320011
In base 10, what is -76 - -128524?
128448
In base 7, what is -33042600 + 11?
-33042556
In base 2, what is -110010001010001001101 + 11010?
-110010001010000110011
In base 13, what is -3108 - -20?
-30b8
In base 9, what is -3201606 + 175?
-3201421
In base 12, what is 6b93b370 + -5?
6b93b367
In base 15, what is c01a8 - -3?
c01ab
In base 7, what is -41404601 + -2?
-41404603
In base 6, what is -12532 + 10550?
-1542
In base 15, what is -12 - -17ebcc?
17ebba
In base 16, what is -82ab + -47?
-82f2
In base 5, what is 3310 - -1313421?
1322231
In base 11, what is 14 - 15963?
-1594a
In base 10, what is 61 + -326732?
-326671
In base 7, what is -1231251 + 34?
-1231214
In base 9, what is -1825208 + -1257?
-1826466
In base 11, what is 7806 + 554?
825a
In base 3, what is 200100102020211 - 111?
200100102020100
In base 14, what is 96c9 - -9861?
1514a
In base 10, what is -25647 - -77?
-25570
In base 15, what is -1d6cc7 - 41?
-1d6d18
In base 13, what is 125b4b3 - -27?
125b50a
In base 13, what is b44914 + 2?
b44916
In base 8, what is -111525037 - -4?
-111525033
In base 16, what is -3c34b - 21?
-3c36c
In base 2, what is 0 - -1000100000100001010?
1000100000100001010
In base 9, what is -11 - 478768?
-478780
In base 2, what is -1 - -11001010110010011111000111?
11001010110010011111000110
In base 2, what is -111100111101101001 + 10001000000?
-111100101100101001
In base 5, what is 30240404434 - -4?
30240404443
In base 14, what is -b7d9 - -2051?
-9788
In base 15, what is -3b5b5d - -4?
-3b5b59
In base 14, what is -14 + -1d681c?
-1d6832
In base 12, what is -144a72 - 472?
-145324
In base 16, what is -381 + -3b82?
-3f03
In base 13, what is -83 + -1486c?
-14922
In base 5, what is 2 + 33324002101?
33324002103
In base 6, what is 13032 - -13400?
30432
In base 5, what is 3041 + -400213?
-342122
In base 12, what is -1 - -1271975?
1271974
In base 8, what is -221 + -212070?
-212311
In base 16, what is deab2 + -cd?
de9e5
In base 9, what is 720737 - 70?
720657
In base 13, what is -6 - 8545795?
-854579b
In base 3, what is -1121002022 + -2010010?
-1200012102
In base 3, what is -2 - 100101012010010211?
-100101012010010220
In base 3, what is -1 + 122101011211110?
122101011211102
In base 8, what is 150037 - 167?
147650
In base 7, what is 260220 - -1532?
262052
In base 4, what is 211120 + -12003010?
-11131230
In base 16, what is -4 - 6840214?
-6840218
In base 16, what is 3668 + -607e?
-2a16
In base 16, what is 0 - 1263b1?
-1263b1
In base 6, what is -2100344 - -103221?
-1553123
In base 4, what is -1033032 + -130302011?
-132001103
In base 2, what is 1010000111011110111110 + 101?
1010000111011111000011
In base 7, what is -1552605624 - 4?
-1552605631
In base 9, what is 6283 + -281?
6002
In base 15, what is -17 - 61a18?
-61a30
In base 8, what is 35 + -475302?
-475245
In base 12, what is -204772 - -b0?
-204682
In base 10, what is 1210404 - 4?
1210400
In base 3, what is -1111100111121 - -122?
-1111100110222
In base 11, what is -633a79 + -24?
-633aa2
In base 10, what is 69782 + 381?
70163
In base 9, what is -327865 - 103?
-328068
In base 4, what is -1 + 200001312100?
200001312033
In base 11, what is 26 + -27a055?
-27a02a
In base 6, what is 212 - 312431350?
-312431134
In base 15, what is -6dd - e7d?
-166b
In base 14, what is -29 - -36226?
361db
In base 10, what is -16193 - -23829?
7636
In base 2, what is 10 - -101110110010000011?
101110110010000101
In base 3, what is 11202000121 + 220?
11202001111
In base 4, what is 13113230 + 321301?
20101131
In base 14, what is 597 + 40ad9?
41292
In base 5, what is 332321423334 + -4?
332321423330
In base 2, what is -10010111010010110101100 - 1?
-10010111010010110101101
In base 12, what is 744b031 - -4?
744b035
In base 16, what is 31 - 47c28?
-47bf7
In base 12, what is -8283653 + 1?
-8283652
In base 6, what is -21334543423 - 4?
-21334543431
In base 4, what is -33130 + -2133120?
-2232310
In base 14, what is 1 - -2ab53028?
2ab53029
In base 15, what is 86b150 - -2b?
86b17b
In base 3, what is 20001110 + 202020202?
222022012
In base 7, what is -4503052 - 345?
-4503430
In base 8, what is 4 - -304655015?
304655021
In base 6, what is -11302 - -105355?
54053
In base 4, what is -302030233032 - 1?
-302030233033
In base 2, what is -11001011100011001001 - -1110?
-11001011100010111011
In base 9, what is -34536 - 14833?
-50470
In base 15, what is 5 + 61e6392?
61e6397
In base 15, what is -1a9e - -43e?
-1660
In base 14, what is 4 + c31b9?
c31bd
In base 7, what is -410 - 4533335?
-4534045
In base 8, what is 4 - -1316500403?
1316500407
In base 7, what is 150530233 + 20?
150530253
In base 6, what is 10 - 15140501?
-15140451
In base 2, what is 10111001101110110011111 + 1?
10111001101110110100000
In base 3, what is -1221122122021000 + -2?
-1221122122021002
In base 3, what is -10221 - -22102012210?
22102001212
In base 5, what is 21410130302 - 1?
21410130301
In base 13, what is 17908771 - 2?
1790876c
In base 3, what is 2021002110 - -101010?
2021110120
In base 6, what is 1000 + -445102?
-444102
In base 4, what is 2220101020203 + 0?
2220101020203
In base 6, what is -11 + -4141000?
-4141011
In base 5, what is 1013130 + 34323?
1103003
In base 14, what is -6c7ca - -b?
-6c7bd
In base 11, what is -766569 - -6?
-766563
In base 16, what is -c - 19d8d2?
-19d8de
In base 11, what is -36a68 + 155?
-36913
In base 14, what is -52a7c - -1?
-52a7b
In base 9, what is -3515 - 36703?
-41318
In base 8, what is -2233775 + -506?
-2234503
In base 8, what is 5 + 42736130?
42736135
In base 13, what is -46 + -18133?
-18179
In base 16, what is f + -69cdf?
-69cd0
In base 4, what is 213 - -311120111?
311120330
In base 9, what is 46 + -61232768?
-61232722
In base 10, what is 163 + 32648?
32811
In base 3, what is -12222201 + -112102?
-20112010
In base 5, what is -1112021320112 - -3?
-1112021320104
In base 2, what is -111011 - 101111000011001001?
-101111000100000100
In base 11, what is 193295639 + -2?
193295637
In base 9, what is 271 - 70428?
-70147
In base 9, what is 141580 + -178?
141401
In base 13, what is 1b - -b915c?
b917a
In base 11, what is -731394 + -4?
-731398
In base 8, what is -3013323 + -1756?
-3015301
In base 8, what is 56207442 - 1?
56207441
In base 6, what is -11254333514 - 4?
-11254333522
In base 6, what is -404545 - 32045?
-441034
In base 14, what is d7 + 288aa?
289a3
In base 13, what is 6c35c51 + -2?
6c35c4c
In base 5, what is -1443022232 + -24?
-1443022311
In base 10, what is -5 + 438574?
438569
In base 3, what is -110110210002 + 2121?
-110110200111
In b